nder when 1112437899 is divided by 50.
49
What is the remainder when 3273080 is divided by 1088?
376
What is the remainder when 26843121 is divided by 1529?
1526
What is the remainder when 2453706 is divided by 2907?
198
Calculate the remainder when 9009848 is divided by 4504903.
42
Calculate the remainder when 70783 is divided by 278.
171
What is the remainder when 960271 is divided by 591?
487
What is the remainder when 57535685 is divided by 4446?
4445
Calculate the remainder when 225184 is divided by 944.
512
Calculate the remainder when 2337589 is divided by 38941.
1129
What is the remainder when 50223765 is divided by 749608?
29
What is the remainder when 7949463 is divided by 68?
59
Calculate the remainder when 93623 is divided by 473.
442
Calculate the remainder when 1051301 is divided by 350329.
314
Calculate the remainder when 615696 is divided by 9145.
2981
What is the remainder when 1857902 is divided by 587?
47
Calculate the remainder when 1509523 is divided by 343.
323
What is the remainder when 2831683 is divided by 1415805?
73
What is the remainder when 140673 is divided by 401?
323
Calculate the remainder when 115339 is divided by 323.
28
What is the remainder when 13134917 is divided by 1010374?
55
Calculate the remainder when 764586926 is divided by 169.
168
What is the remainder when 423813 is divided by 1709?
1690
What is the remainder when 83987 is divided by 9198?
1205
What is the remainder when 1335982 is divided by 23034?
10
Calculate the remainder when 404641 is divided by 134840.
121
What is the remainder when 1679399 is divided by 167938?
19
Calculate the remainder when 481937182 is divided by 1489.
1486
Calculate the remainder when 147018502 is divided by 1050132.
22
What is the remainder when 6409134 is divided by 2150?
2134
Calculate the remainder when 29874 is divided by 264.
42
Calculate the remainder when 313214461 is divided by 321.
316
Calculate the remainder when 158699 is divided by 686.
233
Calculate the remainder when 60323 is divided by 59814.
509
Calculate the remainder when 333258 is divided by 2505.
93
Calculate the remainder when 14675945 is divided by 7.
4
Calculate the remainder when 811102 is divided by 4771.
32
Calculate the remainder when 177005 is divided by 127.
94
Calculate the remainder when 1066578 is divided by 82044.
6
What is the remainder when 588200 is divided by 587332?
868
Calculate the remainder when 130663 is divided by 3308.
1651
What is the remainder when 732128 is divided by 2152?
448
Calculate the remainder when 227916 is divided by 3676.
4
What is the remainder when 1002166 is divided by 446?
4
Calculate the remainder when 272764 is divided by 12241.
3462
What is the remainder when 182431 is divided by 52?
15
What is the remainder when 47812 is divided by 13?
11
Calculate the remainder when 2093786 is divided by 523433.
54
What is the remainder when 11870106 is divided by 84185?
21
Calculate the remainder when 3035138 is divided by 1824.
2
Calculate the remainder when 610537 is divided by 143.
70
Calculate the remainder when 11758137 is divided by 4481.
4474
Calculate the remainder when 1901106 is divided by 417.
3
What is the remainder when 7267637 is divided by 139762?
13
Calculate the remainder when 826499 is divided by 826396.
103
What is the remainder when 690441 is divided by 9219?
8235
Calculate the remainder when 93410 is divided by 1757.
289
Calculate the remainder when 3628837 is divided by 3628784.
53
What is the remainder when 21002368 is divided by 21002323?
45
What is the remainder when 11142067 is divided by 10462?
37
What is the remainder when 190418 is divided by 31735?
8
What is the remainder when 135502 is divided by 2893?
2424
What is the remainder when 31665 is divided by 10288?
801
Calculate the remainder when 424276969 is divided by 6955360.
9
What is the remainder when 4333373 is divided by 2166596?
181
What is the remainder when 16173004 is divided by 16172992?
12
Calculate the remainder when 2634104 is divided by 195.
44
What is the remainder when 56241021 is divided by 67842?
3
Calculate the remainder when 8099862 is divided by 2024947.
74
What is the remainder when 1492467 is divided by 2258?
2187
Calculate the remainder when 42918348 is divided by 4098.
4092
Calculate the remainder when 343223 is divided by 2861.
2764
What is the remainder when 2297391 is divided by 44180?
31
What is the remainder when 91190 is divided by 181?
147
Calculate the remainder when 2692836 is divided by 1346374.
88
Calculate the remainder when 72124 is divided by 3119.
387
What is the remainder when 1929555 is divided by 185?
5
Calculate the remainder when 47234459 is divided by 2132.
2131
Calculate the remainder when 1352 is divided by 63.
29
What is the remainder when 72976 is divided by 1548?
220
Calculate the remainder when 135434 is divided by 244.
14
What is the remainder when 13890464 is divided by 107?
45
What is the remainder when 54223 is divided by 356?
111
What is the remainder when 900236 is divided by 1364?
1360
What is the remainder when 226765036 is divided by 132?
124
What is the remainder when 38833 is divided by 36915?
1918
Calculate the remainder when 44260 is divided by 3306.
1282
What is the remainder when 130843 is divided by 1197?
370
Calculate the remainder when 701012 is divided by 42.
32
Calculate the remainder when 17908 is divided by 4268.
836
What is the remainder when 2439760 is divided by 174263?
78
Calculate the remainder when 83022159 is divided by 729.
723
Calculate the remainder when 64564754 is divided by 258.
254
Calculate the remainder when 307591 is divided by 21969.
25
What is the remainder when 72325788 is divided by 28?
24
What is the remainder when 8875005 is divided by 591666?
15
What is the remainder when 4030908 is divided by 342?
96
Calculate the remainder when 6681820 is divided by 42.
40
Calculate the remainder when 3463 is divided by 1121.
100
What is the remainder when 933264 is divided by 13513?
867
Calculate the remainder when 13870416 is divided by 41281.
0
What is the remainder when 15462 is divided by 343?
27
What is the remainder when 7612160 is divided by 9?
5
What is the remainder when 1920979 is divided by 147765?
34
Calculate the remainder when 9654344 is divided by 411.
365
What is the remainder when 664649 is divided by 55377?
125
What is the remainder when 217241843 is divided by 1236?
11
What is the remainder when 1213460 is divided by 24746?
906
What is the remainder when 143562 is divided by 25?
12
What is the remainder when 290125 is divided by 72529?
9
Calculate the remainder when 328729 is divided by 46817.
1010
What is the remainder when 164143 is divided by 41004?
127
Calculate the remainder when 45461001 is divided by 211.
207
Calculate the remainder when 1380568 is divided by 130.
98
Calculate the remainder when 217678029 is divided by 4719.
4716
Calculate the remainder when 1534585 is divided by 66720.
25
What is the remainder when 593286 is divided by 4635?
6
What is the remainder when 15460181 is divided by 2207?
146
What is the remainder when 48289829 is divided by 12072451?
25
What is the remainder when 171096 is divided by 59?
55
What is the remainder when 72896229 is divided by 934567?
3
Calculate the remainder when 114367 is divided by 57176.
15
What is the remainder when 120241 is divided by 828?
181
What is the remainder when 256767 is divided by 1316?
147
Calculate the remainder when 176277 is divided by 236.
221
Calculate the remainder when 15408964 is divided by 916.
12
What is the remainder when 15994866 is divided by 121?
118
Calculate the remainder when 14267150 is divided by 2037.
2
What is the remainder when 7038 is divided by 190?
8
Calculate the remainder when 13951758 is divided by 43.
21
Calculate the remainder when 9027547 is divided by 16.
11
Calculate the remainder when 33453607 is divided by 13150.
7
What is the remainder when 50846336 is divided by 1907?
1902
Calculate the remainder when 28944010 is divided by 999.
982
Calculate the remainder when 21054653 is divided by 220.
213
Calculate the remainder when 4657387 is divided by 4.
3
Calculate the remainder when 2730401 is divided by 13652.
1
What is the remainder when 47824 is divided by 15890?
154
What is the rem